+ 98312. Give c(-93).
11
Let t(n) = -n**2 + 102*n - 1216. Calculate t(42).
1304
Let x(m) = -15257*m**2 + 122081*m - 2. Determine x(8).
198
Let g(q) = -3886*q - 1. Determine g(0).
-1
Let d(y) = 6301*y - 18887. Give d(3).
16
Let a(p) = -2*p**2 + 224*p - 1566. Determine a(108).
-702
Let g(c) = 27*c**2 + 14409*c - 34030. Calculate g(-536).
-262
Let d(u) = 2*u**3 - 101*u**2 + 1068*u - 28. Give d(15).
17
Let r(d) = d**3 + 393*d**2 + 2020*d + 232. Give r(-5).
-168
Let x(n) = -56*n**2 - 20158*n + 790. What is x(-360)?
70
Let m(l) = 46245*l + 416050. Determine m(-9).
-155
Let n(l) = -16967*l - 51071. Determine n(-3).
-170
Let u(k) = -4*k**3 - 59*k**2 + 93*k - 10. Determine u(-16).
-218
Let m(c) = 3*c**2 + 94*c - 152. Determine m(-33).
13
Let j(l) = 37*l**2 - 2273*l + 6814. What is j(3)?
328
Let l(s) = -2*s**3 - 17*s**2 - 52*s - 1563. Calculate l(-12).
69
Let q(o) = 4458*o + 187249. What is q(-42)?
13
Let v(o) = 1662*o + 782708. Calculate v(-471).
-94
Let h(t) = 27*t**2 - 18729*t + 37459. Calculate h(2).
109
Let r(p) = 17*p**3 - 203*p**2 - 14*p + 62. Determine r(12).
38
Let b(g) = 2*g**3 - 184*g**2 + 105*g - 9606. Give b(92).
54
Let o(b) = 93*b**2 - 1770*b + 6558. Determine o(14).
6
Let u(n) = -n**2 - 22*n + 5090. Determine u(-84).
-118
Let n(m) = -304*m + 25080. What is n(80)?
760
Let d(i) = 14*i**2 + 2475*i + 47723. Give d(-22).
49
Let a(r) = -8*r**2 + 335*r - 1555. Give a(5).
-80
Let u(x) = -x**3 + 6793*x**2 - 40718*x + 23. Calculate u(6).
47
Let y(g) = -g**2 + 8339*g + 259522. Calculate y(-31).
52
Let f(k) = 3*k**3 - 376*k**2 - 1419*k + 6. Calculate f(129).
6
Let d(b) = -3*b**2 - 51*b + 10878. Give d(52).
114
Let k(w) = 2*w**3 - 113*w**2 + 966*w - 45. What is k(46)?
-45
Let d(q) = 128*q - 141. Calculate d(10).
1139
Let w(i) = -71*i + 5728. Calculate w(73).
545
Let y(g) = -22068*g + 1147557. Calculate y(52).
21
Let i(r) = 802*r - 16166. What is i(20)?
-126
Let q(b) = 8*b**2 + 47*b + 86. Give q(-6).
92
Let f(k) = 46*k**2 - 132*k - 7. Calculate f(-9).
4907
Let x(a) = -1878*a + 131460. Determine x(70).
0
Let k(u) = -2*u**3 + 6*u**2 - 7*u + 12. Determine k(8).
-684
Let u(p) = p**3 + 89*p**2 - 3166*p - 171227. Calculate u(-34).
-3
Let s(k) = -25799*k - 1057762. What is s(-41)?
-3
Let y(a) = a**3 + 8*a**2 + 1424*a + 8457. Calculate y(-6).
-15
Let t(p) = -100*p + 1635. Calculate t(22).
-565
Let u(g) = -8*g - 322. Calculate u(-93).
422
Let y(b) = 669*b - 4243. Calculate y(6).
-229
Let f(y) = 6*y**2 - 522*y - 539. Determine f(88).
-11
Let k(y) = -y**3 + 6*y**2 - 4888*y + 59515. Calculate k(12).
-5
Let a(y) = y**3 - 205*y**2 + 4658*y - 871. Give a(179).
-155
Let r(w) = -w**3 + 125*w**2 + 127*w + 51. Give r(126).
177
Let f(b) = -b**2 + 6381*b + 223427. What is f(-35)?
-1133
Let h(f) = 8*f**2 - 103*f - 1416. Calculate h(-12).
972
Let g(z) = -9549*z - 191008. Calculate g(-20).
-28
Let d(z) = -2*z**2 + 343*z + 118857. Give d(344).
177
Let w(j) = -46*j**2 - 953*j - 5610. What is w(-6)?
-1548
Let p(l) = 467*l - 13942. Calculate p(30).
68
Let q(w) = -w**3 - 25*w**2 + 59*w + 220. What is q(-27)?
85
Let p(w) = -28581*w + 285769. What is p(10)?
-41
Let j(f) = 5378*f + 951913. Calculate j(-177).
7
Let k(g) = -111889*g - 782774. Determine k(-7).
449
Let q(c) = 51*c**3 - 42*c**2 - 265*c - 457. Give q(-3).
-1417
Let q(a) = 6*a**3 - 51*a**2 + 348*a - 898. What is q(5)?
317
Let h(b) = 42824*b - 171204. Give h(4).
92
Let k(t) = 14888*t - 3364701. Give k(226).
-13
Let d(h) = -h**3 + 139*h**2 - 107*h - 1538. What is d(138)?
2740
Let h(n) = 2*n**3 - 18*n**2 + 556*n - 5714. Determine h(10).
46
Let z(t) = t**3 - 225*t**2 - 208715*t - 353. What is z(-358)?
5
Let o(g) = 562*g**2 + 2573*g + 2573. Determine o(-1).
562
Let v(b) = -12*b**2 + 60*b - 180. What is v(3)?
-108
Let t(s) = 78189*s + 1094641. What is t(-14)?
-5
Let v(f) = 3*f**3 + 201*f**2 + 562*f - 54. Calculate v(-3).
-12
Let z(h) = -h**3 - 7*h**2 + 293*h - 35. Calculate z(-21).
-14
Let y(o) = -2356*o + 30518. Determine y(13).
-110
Let u(d) = -4*d**3 + 27*d**2 - 132*d + 115. What is u(10)?
-2505
Let c(y) = 9*y**3 + 96*y**2 - 36*y - 230. Calculate c(-10).
730
Let h(o) = o**2 - 1474*o - 7437. Determine h(-5).
-42
Let g(i) = 3*i**3 + 19*i**2 - 671*i + 135. Give g(12).
3
Let b(y) = y**3 + 8*y**2 - 260*y. Give b(12).
-240
Let z(o) = 58*o**2 + 42*o - 90. Determine z(2).
226
Let u(w) = -2*w**3 + 764*w**2 + w - 387. Calculate u(382).
-5
Let t(g) = -11*g**2 - 924*g - 19385. What is t(-43)?
8
Let w(x) = -126185*x + 18675384. Give w(148).
4
Let h(x) = -2205*x + 9607. What is h(4)?
787
Let d(t) = -832*t - 362883. What is d(-436)?
-131
Let r(p) = 3*p**2 + 482*p + 2341. Determine r(-5).
6
Let g(r) = 9*r**2 + 347*r - 119. Calculate g(-39).
37
Let y(w) = 4660*w - 1505177. What is y(323)?
3
Let z(q) = -11*q**3 - 3*q**2 + 20335*q + 20337. Determine z(-1).
10
Let c(r) = r**3 - 335*r**2 - 723*r + 17625. Determine c(337).
1112
Let o(c) = -2*c**3 + 2*c**2 + 35*c + 340. What is o(-9)?
1645
Let k(h) = 2*h**2 - 1008*h + 108580. Determine k(348).
4
Let q(w) = 6*w**2 + 5098*w - 874480. What is q(-996)?
8
Let n(u) = 205*u - 7175. Give n(35).
0
Let o(n) = -90*n**2 - 26122*n - 6371. Calculate o(-290).
9
Let y(i) = i**3 + 340*i**2 - 182*i + 54227. Determine y(-341).
8
Let l(u) = -21216*u - 424392. What is l(-20)?
-72
Let y(r) = -r**2 + 112000*r + 2800607. Determine y(-25).
-18
Let v(h) = -878423*h + 878412. Give v(1).
-11
Let g(r) = r**2 - 747*r + 137774. Calculate g(332).
-6
Let y(s) = 3656*s - 190224. Give y(52).
-112
Let z(g) = -3*g**2 + 6598*g - 195246. What is z(30)?
-6
Let w(z) = z**2 - 272*z + 10585. Determine w(51).
-686
Let w(o) = -3*o**3 + 166*o**2 - 106*o + 12254. Give w(56).
46
Let t(j) = -1141*j + 8426. Give t(7).
439
Let y(j) = -1825*j - 36481. Determine y(-20).
19
Let r(c) = 25736*c + 386020. Give r(-15).
-20
Let r(v) = 277080*v - 14131089. Give r(51).
-9
Let q(c) = 2*c**2 - 40*c - 1378. What is q(39)?
104
Let c(l) = -29*l**2 + 94*l + 17. Give c(-5).
-1178
Let z(p) = -522*p + 18788. Give z(36).
-4
Let v(z) = z**3 + 10*z**2 - 54*z - 378. Give v(-13).
-183
Let c(f) = -f**3 - 130*f**2 + 318*f + 7055. Calculate c(-132).
-73
Let a(r) = 7*r**3 - 1512*r**2 + 53*r - 11530. Determine a(216).
-82
Let r(g) = -46*g**2 + 687*g + 511. Determine r(16).
-273
Let j(f) = 17910*f + 1486527. Calculate j(-83).
-3
Let s(a) = 509*a + 106899. What is s(-210)?
9
Let i(m) = m**2 + 13767*m - 21698459. Calculate i(1428).
1
Let d(s) = 2*s**2 + 1109*s - 10131. Determine d(9).
12
Let o(w) = 5*w**3 - 91*w**2 - 397*w + 21. What is o(-4)?
-167
Let q(p) = 19525*p - 409985. Calculate q(21).
40
Let k(s) = -1064*s + 740535. Determine k(696).
-9
Let r(u) = 11*u**3 + 12*u**2 + 57*u - 71. Determine r(1).
9
Let n(h) = -26*h**2 + 108*h - 6. What is n(1)?
76
Let w(b) = -13*b**3 - b**2 - 1810*b + 3628. What is w(2)?
-100
Let l(m) = -2303*m - 95. Determine l(1).
-2398
Let c(z) = 1805*z + 27362. What is c(-15)?
287
Let x(d) = -23*d**3 - 2482*d**2 + 202*d - 1518. What is x(-108)?
-6
Let n(q) = -174*q - 5271. What is n(-23)?
-1269
Let o(m) = 22142*m - 177099. Determine o(8).
37
Let p(z) = 8*z**2 - 126*z + 870. Calculate p(9).
384
Let g(r) = 2*r**2 - 131*r - 528. Give g(-15).
1887
Let f(z) = 55*z**2 - 239*z - 540. Give f(6).
6
Let d(x) = x**2 - 10819*x - 2755924. Calculate d(-249).
8
Let w(f) = -11811*f + 389839. Give w(33).
76
Let i(b) = 1141*b**2 - 12490*b - 676. Give i(11).
-5
Let r(h) = 2*h**2 + 112*h + 368. Give r(-53).
50
Let y(q) = 154*q**2 + 5686*q - 376. Determine y(-37).
68
Let k(a) = 5*a**2 - 321*a + 1484. Determine k(5).
4
Let r(w) = 1715*w + 32176. Calculate r(-18).
1306
Let f(i) = -23*i**2 - 66*i - 4. Give f(-8).
-948
Let l(t) = 1314*t + 9280. Calculate l(-7).
82
Let h(u) = -u**3 + 115*u**2 + 641*u - 3. Give h(-5).
-208
Let w(x) = -132*x - 381. What is w(-3)?
15
Let i(l) = -l**3 + 27*l**2 + 223*l - 318. Determine i(32).
1698
Let t(g) = -6*g**2 - 4*g - 150. What is t(12)?
-1062
Let i(n) = n**3 + 90*n**2 + 412*n - 1290. Give i(-85).
-185
Let t(i) = 288*i - 187778. Determine t(652).
-2
Let g(x) = 599*x + 9700. Calculate g(-16).
116
Let p(h) = -h**3 - 66*h**2 + 28*h - 748. Determine p(-67).
1865
Let v(k) = -7*k**2 - 110*k - 619. Determine v(-8).
-187
Let b(m) = -583129*m + 4081897. Determine b(7).
-6
Let a(z) = -305*z**2 - 3081*z + 62. Determine a(-10).
372
Let w(l) = -20*l**2